{"id":50,"date":"2011-06-26T11:34:19","date_gmt":"2011-06-26T08:34:19","guid":{"rendered":"http:\/\/koirahoitola.kuunsirpin.com\/kennelpalvelut\/?page_id=50"},"modified":"2018-12-29T15:22:40","modified_gmt":"2018-12-29T13:22:40","slug":"trimmaushinnasto","status":"publish","type":"page","link":"https:\/\/koirahoitola.kuunsirpin.com\/kennelpalvelut\/?page_id=50","title":{"rendered":"Trimmaushinnasto"},"content":{"rendered":"<p>Trimmauksen hinta muodostuu p\u00e4\u00e4s\u00e4\u00e4nt\u00f6isesti trimmaukseen kuluvasta ajasta ja k\u00e4ytett\u00e4v\u00e4st\u00e4 trimmaustekniikasta.<\/p>\n<p><strong>Koneella ajot, pesut, f\u00f6\u00f6naukset:<\/strong> ensimm\u00e4inen tunti 50 \u20ac, seuraavat tunnit 10 \u20ac alkavalta tunnilta<\/p>\n<p><strong>Saksin muotoilu:<\/strong> ensimm\u00e4inen tunti 60 \u20ac, seuraavat tunnit 10 \u20ac alkavalta tunnilta<\/p>\n<p><strong>Nypint\u00e4:<\/strong> ensimm\u00e4inen tunti 60 \u20ac, seuraavat tunnit 10 \u20ac alkavalta tunnilta<\/p>\n<p>Takkuisen koiran trimmauksesta veloitetaan 10-30 euron lis\u00e4maksu. T\u00e4ll\u00f6in on my\u00f6s huomattava, ett\u00e4 ty\u00f6n j\u00e4lki ja karvan pituus m\u00e4\u00e4r\u00e4ytyv\u00e4t takkuisuuden mukaan.<\/p>\n<p>Kaikki hinnat sis\u00e4lt\u00e4v\u00e4t kynsien leikkauksen ja korvakarvojen nyppimisen tarvittaessa, sek\u00e4 ALV 24%.<\/p>\n<p>Kynsien leikkaus ilman trimmausta 5 \u20ac<\/p>\n<p>Anaalirauhasten tyhjennys 5 \u20ac<\/p>\n<p><strong>Maksuv\u00e4lineen\u00e4 meill\u00e4 k\u00e4y toistaiseksi vain k\u00e4teinen.<\/strong><\/p>\n<p>Alla on esimerkkikuvia ja -hintoja meill\u00e4 trimmatuista koirista. Meill\u00e4 k\u00e4y my\u00f6s monia muita rotuja ja paljon monirotuisia, ja koirat trimmataan aina omistajan toiveiden mukaan; my\u00f6s silloin, kun koiralle halutaan jokin muu kuin rodunomainen malli.<\/p>\n<div id=\"attachment_245\" style=\"width: 300px\" class=\"wp-caption alignnone\"><a href=\"http:\/\/koirahoitola.kuunsirpin.com\/kennelpalvelut\/wp-content\/uploads\/2018\/12\/IMG_20180904_113516.jpg\"><img loading=\"lazy\" decoding=\"async\" aria-describedby=\"caption-attachment-245\" class=\"size-medium wp-image-245\" src=\"http:\/\/koirahoitola.kuunsirpin.com\/kennelpalvelut\/wp-content\/uploads\/2018\/12\/IMG_20180904_113516-300x225.jpg\" alt=\"\" width=\"300\" height=\"225\" srcset=\"https:\/\/koirahoitola.kuunsirpin.com\/kennelpalvelut\/wp-content\/uploads\/2018\/12\/IMG_20180904_113516-300x225.jpg 300w, https:\/\/koirahoitola.kuunsirpin.com\/kennelpalvelut\/wp-content\/uploads\/2018\/12\/IMG_20180904_113516-768x576.jpg 768w, https:\/\/koirahoitola.kuunsirpin.com\/kennelpalvelut\/wp-content\/uploads\/2018\/12\/IMG_20180904_113516-1024x768.jpg 1024w, https:\/\/koirahoitola.kuunsirpin.com\/kennelpalvelut\/wp-content\/uploads\/2018\/12\/IMG_20180904_113516-750x563.jpg 750w\" sizes=\"auto, (max-width: 300px) 100vw, 300px\" \/><\/a><p id=\"caption-attachment-245\" class=\"wp-caption-text\">K\u00e4\u00e4pi\u00f6snautseri: Pesu, f\u00f6\u00f6naus ja koneella ajelu, 60\u20ac<\/p><\/div>\n<hr \/>\n<div id=\"attachment_244\" style=\"width: 300px\" class=\"wp-caption alignnone\"><a href=\"http:\/\/koirahoitola.kuunsirpin.com\/kennelpalvelut\/wp-content\/uploads\/2018\/12\/IMG_20181026_112408.jpg\"><img loading=\"lazy\" decoding=\"async\" aria-describedby=\"caption-attachment-244\" class=\"size-medium wp-image-244\" src=\"http:\/\/koirahoitola.kuunsirpin.com\/kennelpalvelut\/wp-content\/uploads\/2018\/12\/IMG_20181026_112408-300x225.jpg\" alt=\"\" width=\"300\" height=\"225\" srcset=\"https:\/\/koirahoitola.kuunsirpin.com\/kennelpalvelut\/wp-content\/uploads\/2018\/12\/IMG_20181026_112408-300x225.jpg 300w, https:\/\/koirahoitola.kuunsirpin.com\/kennelpalvelut\/wp-content\/uploads\/2018\/12\/IMG_20181026_112408-768x576.jpg 768w, https:\/\/koirahoitola.kuunsirpin.com\/kennelpalvelut\/wp-content\/uploads\/2018\/12\/IMG_20181026_112408-1024x768.jpg 1024w, https:\/\/koirahoitola.kuunsirpin.com\/kennelpalvelut\/wp-content\/uploads\/2018\/12\/IMG_20181026_112408-750x563.jpg 750w\" sizes=\"auto, (max-width: 300px) 100vw, 300px\" \/><\/a><p id=\"caption-attachment-244\" class=\"wp-caption-text\">K\u00e4\u00e4pi\u00f6snautseri: nypint\u00e4 2h, 60-80 \u20ac<\/p><\/div>\n<hr \/>\n<div id=\"attachment_56\" style=\"width: 225px\" class=\"wp-caption aligncenter\"><a href=\"http:\/\/koirahoitola.kuunsirpin.com\/kennelpalvelut\/wp-content\/uploads\/2011\/06\/kp_mussemayrisej.jpg\"><img loading=\"lazy\" decoding=\"async\" aria-describedby=\"caption-attachment-56\" class=\"size-medium wp-image-56\" src=\"http:\/\/koirahoitola.kuunsirpin.com\/kennelpalvelut\/wp-content\/uploads\/2011\/06\/kp_mussemayrisej-225x300.jpg\" alt=\"\" width=\"225\" height=\"300\" srcset=\"https:\/\/koirahoitola.kuunsirpin.com\/kennelpalvelut\/wp-content\/uploads\/2011\/06\/kp_mussemayrisej-225x300.jpg 225w, https:\/\/koirahoitola.kuunsirpin.com\/kennelpalvelut\/wp-content\/uploads\/2011\/06\/kp_mussemayrisej.jpg 450w\" sizes=\"auto, (max-width: 225px) 100vw, 225px\" \/><\/a><p id=\"caption-attachment-56\" class=\"wp-caption-text\">M\u00e4yr\u00e4koira: nypint\u00e4 1h, 60 \u20ac<\/p><\/div>\n<hr \/>\n<div id=\"attachment_239\" style=\"width: 300px\" class=\"wp-caption alignnone\"><a href=\"http:\/\/koirahoitola.kuunsirpin.com\/kennelpalvelut\/wp-content\/uploads\/2018\/12\/IMG_20181214_164514.jpg\"><img loading=\"lazy\" decoding=\"async\" aria-describedby=\"caption-attachment-239\" class=\"size-medium wp-image-239\" src=\"http:\/\/koirahoitola.kuunsirpin.com\/kennelpalvelut\/wp-content\/uploads\/2018\/12\/IMG_20181214_164514-300x225.jpg\" alt=\"\" width=\"300\" height=\"225\" srcset=\"https:\/\/koirahoitola.kuunsirpin.com\/kennelpalvelut\/wp-content\/uploads\/2018\/12\/IMG_20181214_164514-300x225.jpg 300w, https:\/\/koirahoitola.kuunsirpin.com\/kennelpalvelut\/wp-content\/uploads\/2018\/12\/IMG_20181214_164514-768x576.jpg 768w, https:\/\/koirahoitola.kuunsirpin.com\/kennelpalvelut\/wp-content\/uploads\/2018\/12\/IMG_20181214_164514-1024x768.jpg 1024w, https:\/\/koirahoitola.kuunsirpin.com\/kennelpalvelut\/wp-content\/uploads\/2018\/12\/IMG_20181214_164514-750x563.jpg 750w\" sizes=\"auto, (max-width: 300px) 100vw, 300px\" \/><\/a><p id=\"caption-attachment-239\" class=\"wp-caption-text\">Espanjanvesikoira: pesu, f\u00f6\u00f6naus ja saksilla muotoilu, 70 \u20ac<\/p><\/div>\n<hr \/>\n<div id=\"attachment_238\" style=\"width: 300px\" class=\"wp-caption alignnone\"><a href=\"http:\/\/koirahoitola.kuunsirpin.com\/kennelpalvelut\/wp-content\/uploads\/2018\/12\/IMG_20180808_091226.jpg\"><img loading=\"lazy\" decoding=\"async\" aria-describedby=\"caption-attachment-238\" class=\"size-medium wp-image-238\" src=\"http:\/\/koirahoitola.kuunsirpin.com\/kennelpalvelut\/wp-content\/uploads\/2018\/12\/IMG_20180808_091226-300x225.jpg\" alt=\"\" width=\"300\" height=\"225\" srcset=\"https:\/\/koirahoitola.kuunsirpin.com\/kennelpalvelut\/wp-content\/uploads\/2018\/12\/IMG_20180808_091226-300x225.jpg 300w, https:\/\/koirahoitola.kuunsirpin.com\/kennelpalvelut\/wp-content\/uploads\/2018\/12\/IMG_20180808_091226-768x576.jpg 768w, https:\/\/koirahoitola.kuunsirpin.com\/kennelpalvelut\/wp-content\/uploads\/2018\/12\/IMG_20180808_091226-1024x768.jpg 1024w, https:\/\/koirahoitola.kuunsirpin.com\/kennelpalvelut\/wp-content\/uploads\/2018\/12\/IMG_20180808_091226-750x563.jpg 750w\" sizes=\"auto, (max-width: 300px) 100vw, 300px\" \/><\/a><p id=\"caption-attachment-238\" class=\"wp-caption-text\">Barbet: koneajo sile\u00e4ksi, 50 \u20ac<\/p><\/div>\n<hr \/>\n<div id=\"attachment_240\" style=\"width: 300px\" class=\"wp-caption alignnone\"><a href=\"http:\/\/koirahoitola.kuunsirpin.com\/kennelpalvelut\/wp-content\/uploads\/2018\/12\/IMG_20180918_154707.jpg\"><img loading=\"lazy\" decoding=\"async\" aria-describedby=\"caption-attachment-240\" class=\"size-medium wp-image-240\" src=\"http:\/\/koirahoitola.kuunsirpin.com\/kennelpalvelut\/wp-content\/uploads\/2018\/12\/IMG_20180918_154707-300x225.jpg\" alt=\"\" width=\"300\" height=\"225\" srcset=\"https:\/\/koirahoitola.kuunsirpin.com\/kennelpalvelut\/wp-content\/uploads\/2018\/12\/IMG_20180918_154707-300x225.jpg 300w, https:\/\/koirahoitola.kuunsirpin.com\/kennelpalvelut\/wp-content\/uploads\/2018\/12\/IMG_20180918_154707-768x576.jpg 768w, https:\/\/koirahoitola.kuunsirpin.com\/kennelpalvelut\/wp-content\/uploads\/2018\/12\/IMG_20180918_154707-1024x768.jpg 1024w, https:\/\/koirahoitola.kuunsirpin.com\/kennelpalvelut\/wp-content\/uploads\/2018\/12\/IMG_20180918_154707-750x563.jpg 750w\" sizes=\"auto, (max-width: 300px) 100vw, 300px\" \/><\/a><p id=\"caption-attachment-240\" class=\"wp-caption-text\">K\u00e4\u00e4pi\u00f6villakoira: pesu, f\u00f6\u00f6naus ja sentin pituuteen ajelu, 60 \u20ac<\/p><\/div>\n<hr \/>\n<div id=\"attachment_242\" style=\"width: 300px\" class=\"wp-caption alignnone\"><a href=\"http:\/\/koirahoitola.kuunsirpin.com\/kennelpalvelut\/wp-content\/uploads\/2018\/12\/IMG_20181009_095719.jpg\"><img loading=\"lazy\" decoding=\"async\" aria-describedby=\"caption-attachment-242\" class=\"size-medium wp-image-242\" src=\"http:\/\/koirahoitola.kuunsirpin.com\/kennelpalvelut\/wp-content\/uploads\/2018\/12\/IMG_20181009_095719-300x225.jpg\" alt=\"\" width=\"300\" height=\"225\" srcset=\"https:\/\/koirahoitola.kuunsirpin.com\/kennelpalvelut\/wp-content\/uploads\/2018\/12\/IMG_20181009_095719-300x225.jpg 300w, https:\/\/koirahoitola.kuunsirpin.com\/kennelpalvelut\/wp-content\/uploads\/2018\/12\/IMG_20181009_095719-768x576.jpg 768w, https:\/\/koirahoitola.kuunsirpin.com\/kennelpalvelut\/wp-content\/uploads\/2018\/12\/IMG_20181009_095719-1024x768.jpg 1024w, https:\/\/koirahoitola.kuunsirpin.com\/kennelpalvelut\/wp-content\/uploads\/2018\/12\/IMG_20181009_095719-750x563.jpg 750w\" sizes=\"auto, (max-width: 300px) 100vw, 300px\" \/><\/a><p id=\"caption-attachment-242\" class=\"wp-caption-text\">Vehn\u00e4terrieri: Pesu, f\u00f6\u00f6naus ja saksilla muotoilu, 70 \u20ac<\/p><\/div>\n<hr \/>\n<div id=\"attachment_241\" style=\"width: 300px\" class=\"wp-caption alignnone\"><a href=\"http:\/\/koirahoitola.kuunsirpin.com\/kennelpalvelut\/wp-content\/uploads\/2018\/12\/IMG_20181112_103138.jpg\"><img loading=\"lazy\" decoding=\"async\" aria-describedby=\"caption-attachment-241\" class=\"size-medium wp-image-241\" src=\"http:\/\/koirahoitola.kuunsirpin.com\/kennelpalvelut\/wp-content\/uploads\/2018\/12\/IMG_20181112_103138-300x225.jpg\" alt=\"\" width=\"300\" height=\"225\" srcset=\"https:\/\/koirahoitola.kuunsirpin.com\/kennelpalvelut\/wp-content\/uploads\/2018\/12\/IMG_20181112_103138-300x225.jpg 300w, https:\/\/koirahoitola.kuunsirpin.com\/kennelpalvelut\/wp-content\/uploads\/2018\/12\/IMG_20181112_103138-768x576.jpg 768w, https:\/\/koirahoitola.kuunsirpin.com\/kennelpalvelut\/wp-content\/uploads\/2018\/12\/IMG_20181112_103138-1024x768.jpg 1024w, https:\/\/koirahoitola.kuunsirpin.com\/kennelpalvelut\/wp-content\/uploads\/2018\/12\/IMG_20181112_103138-750x563.jpg 750w\" sizes=\"auto, (max-width: 300px) 100vw, 300px\" \/><\/a><p id=\"caption-attachment-241\" class=\"wp-caption-text\">Vehn\u00e4terrieri: pesu, f\u00f6\u00f6naus ja sentin pituuteen ajelu, 60 \u20ac<\/p><\/div>\n<hr \/>\n<div id=\"attachment_243\" style=\"width: 225px\" class=\"wp-caption aligncenter\"><a href=\"http:\/\/koirahoitola.kuunsirpin.com\/kennelpalvelut\/wp-content\/uploads\/2018\/12\/IMG_20181204_105428.jpg\"><img loading=\"lazy\" decoding=\"async\" aria-describedby=\"caption-attachment-243\" class=\"size-medium wp-image-243\" src=\"http:\/\/koirahoitola.kuunsirpin.com\/kennelpalvelut\/wp-content\/uploads\/2018\/12\/IMG_20181204_105428-225x300.jpg\" alt=\"\" width=\"225\" height=\"300\" srcset=\"https:\/\/koirahoitola.kuunsirpin.com\/kennelpalvelut\/wp-content\/uploads\/2018\/12\/IMG_20181204_105428-225x300.jpg 225w, https:\/\/koirahoitola.kuunsirpin.com\/kennelpalvelut\/wp-content\/uploads\/2018\/12\/IMG_20181204_105428-768x1024.jpg 768w, https:\/\/koirahoitola.kuunsirpin.com\/kennelpalvelut\/wp-content\/uploads\/2018\/12\/IMG_20181204_105428-750x1000.jpg 750w\" sizes=\"auto, (max-width: 225px) 100vw, 225px\" \/><\/a><p id=\"caption-attachment-243\" class=\"wp-caption-text\">Bichon fris\u00e9: pesu, f\u00f6\u00f6naus ja saksilla muotoilu, 70 \u20ac<\/p><\/div>\n<hr \/>\n<div id=\"attachment_54\" style=\"width: 200px\" class=\"wp-caption aligncenter\"><a href=\"http:\/\/koirahoitola.kuunsirpin.com\/kennelpalvelut\/wp-content\/uploads\/2011\/06\/kp_sulonorfolk.jpg\"><img loading=\"lazy\" decoding=\"async\" aria-describedby=\"caption-attachment-54\" class=\"size-medium wp-image-54\" src=\"http:\/\/koirahoitola.kuunsirpin.com\/kennelpalvelut\/wp-content\/uploads\/2011\/06\/kp_sulonorfolk-200x300.jpg\" alt=\"\" width=\"200\" height=\"300\" srcset=\"https:\/\/koirahoitola.kuunsirpin.com\/kennelpalvelut\/wp-content\/uploads\/2011\/06\/kp_sulonorfolk-200x300.jpg 200w, https:\/\/koirahoitola.kuunsirpin.com\/kennelpalvelut\/wp-content\/uploads\/2011\/06\/kp_sulonorfolk.jpg 400w\" sizes=\"auto, (max-width: 200px) 100vw, 200px\" \/><\/a><p id=\"caption-attachment-54\" class=\"wp-caption-text\">Norfolkinterrieri: nypint\u00e4 3h, 80 \u20ac<\/p><\/div>\n<p style=\"text-align: left;\">\n","protected":false},"excerpt":{"rendered":"<p>Trimmauksen hinta muodostuu p\u00e4\u00e4s\u00e4\u00e4nt\u00f6isesti trimmaukseen kuluvasta ajasta ja k\u00e4ytett\u00e4v\u00e4st\u00e4 trimmaustekniikasta. Koneella ajot, pesut, f\u00f6\u00f6naukset: ensimm\u00e4inen tunti 50 \u20ac, seuraavat tunnit 10 \u20ac alkavalta tunnilta Saksin muotoilu: ensimm\u00e4inen tunti 60 \u20ac, seuraavat tunnit 10 \u20ac alkavalta tunnilta Nypint\u00e4: ensimm\u00e4inen tunti 60 \u20ac, seuraavat tunnit 10 \u20ac alkavalta tunnilta Takkuisen koiran trimmauksesta veloitetaan 10-30 euron lis\u00e4maksu. T\u00e4ll\u00f6in &hellip; <\/p>\n<p><a class=\"more-link btn\" href=\"https:\/\/koirahoitola.kuunsirpin.com\/kennelpalvelut\/?page_id=50\">Continue reading<\/a><\/p>\n","protected":false},"author":1,"featured_media":0,"parent":17,"menu_order":0,"comment_status":"open","ping_status":"open","template":"","meta":{"footnotes":""},"class_list":["post-50","page","type-page","status-publish","hentry","nodate","item-wrap"],"_links":{"self":[{"href":"https:\/\/koirahoitola.kuunsirpin.com\/kennelpalvelut\/index.php?rest_route=\/wp\/v2\/pages\/50","targetHints":{"allow":["GET"]}}],"collection":[{"href":"https:\/\/koirahoitola.kuunsirpin.com\/kennelpalvelut\/index.php?rest_route=\/wp\/v2\/pages"}],"about":[{"href":"https:\/\/koirahoitola.kuunsirpin.com\/kennelpalvelut\/index.php?rest_route=\/wp\/v2\/types\/page"}],"author":[{"embeddable":true,"href":"https:\/\/koirahoitola.kuunsirpin.com\/kennelpalvelut\/index.php?rest_route=\/wp\/v2\/users\/1"}],"replies":[{"embeddable":true,"href":"https:\/\/koirahoitola.kuunsirpin.com\/kennelpalvelut\/index.php?rest_route=%2Fwp%2Fv2%2Fcomments&post=50"}],"version-history":[{"count":43,"href":"https:\/\/koirahoitola.kuunsirpin.com\/kennelpalvelut\/index.php?rest_route=\/wp\/v2\/pages\/50\/revisions"}],"predecessor-version":[{"id":316,"href":"https:\/\/koirahoitola.kuunsirpin.com\/kennelpalvelut\/index.php?rest_route=\/wp\/v2\/pages\/50\/revisions\/316"}],"up":[{"embeddable":true,"href":"https:\/\/koirahoitola.kuunsirpin.com\/kennelpalvelut\/index.php?rest_route=\/wp\/v2\/pages\/17"}],"wp:attachment":[{"href":"https:\/\/koirahoitola.kuunsirpin.com\/kennelpalvelut\/index.php?rest_route=%2Fwp%2Fv2%2Fmedia&parent=50"}],"curies":[{"name":"wp","href":"https:\/\/api.w.org\/{rel}","templated":true}]}}