{"id":39,"date":"2011-06-26T11:25:29","date_gmt":"2011-06-26T08:25:29","guid":{"rendered":"http:\/\/koirahoitola.kuunsirpin.com\/kennelpalvelut\/?page_id=39"},"modified":"2018-07-18T15:39:52","modified_gmt":"2018-07-18T12:39:52","slug":"etusivu","status":"publish","type":"page","link":"https:\/\/koirahoitola.kuunsirpin.com\/kennelpalvelut\/","title":{"rendered":"Etusivu"},"content":{"rendered":"<p><a href=\"http:\/\/koirahoitola.kuunsirpin.com\/kennelpalvelut\/wp-content\/uploads\/2011\/06\/kp_pepim2.jpg\"><img loading=\"lazy\" decoding=\"async\" class=\"alignleft size-full wp-image-65\" title=\"kp_pepim2\" src=\"http:\/\/koirahoitola.kuunsirpin.com\/kennelpalvelut\/wp-content\/uploads\/2011\/06\/kp_pepim2.jpg\" alt=\"\" width=\"300\" height=\"400\" srcset=\"https:\/\/koirahoitola.kuunsirpin.com\/kennelpalvelut\/wp-content\/uploads\/2011\/06\/kp_pepim2.jpg 300w, https:\/\/koirahoitola.kuunsirpin.com\/kennelpalvelut\/wp-content\/uploads\/2011\/06\/kp_pepim2-225x300.jpg 225w\" sizes=\"auto, (max-width: 300px) 100vw, 300px\" \/><\/a><br \/>\n<strong>Kuunsirpin kennelpalvelut &amp; koirahoitola <\/strong>palvelee koiranomistajia useissa koiran hoitoon, turkinhoitoon, koulutukseen ja ruokintaan liittyviss\u00e4 asioissa.<\/p>\n<p>Koirahoitolamme sijaitsee Siuntiossa, l\u00e4hell\u00e4 Lohjan rajaa.<\/p>\n<p>Lohjalta meille on matkaa n. 7 km, Kirkkonummelta 28 km, Espoosta 45 km, Helsingist\u00e4 60 km, Salosta 78 km ja Nummelasta 20 km.<\/p>\n<p>Tervetuloa tutustumaan toimintaamme!<\/p>\n","protected":false},"excerpt":{"rendered":"<p>Kuunsirpin kennelpalvelut &amp; koirahoitola palvelee koiranomistajia useissa koiran hoitoon, turkinhoitoon, koulutukseen ja ruokintaan liittyviss\u00e4 asioissa. Koirahoitolamme sijaitsee Siuntiossa, l\u00e4hell\u00e4 Lohjan rajaa. Lohjalta meille on matkaa n. 7 km, Kirkkonummelta 28 km, Espoosta 45 km, Helsingist\u00e4 60 km, Salosta 78 km ja Nummelasta 20 km. Tervetuloa tutustumaan toimintaamme!<\/p>\n","protected":false},"author":1,"featured_media":0,"parent":0,"menu_order":0,"comment_status":"open","ping_status":"open","template":"","meta":{"footnotes":""},"class_list":["post-39","page","type-page","status-publish","hentry","nodate","item-wrap"],"_links":{"self":[{"href":"https:\/\/koirahoitola.kuunsirpin.com\/kennelpalvelut\/index.php?rest_route=\/wp\/v2\/pages\/39","targetHints":{"allow":["GET"]}}],"collection":[{"href":"https:\/\/koirahoitola.kuunsirpin.com\/kennelpalvelut\/index.php?rest_route=\/wp\/v2\/pages"}],"about":[{"href":"https:\/\/koirahoitola.kuunsirpin.com\/kennelpalvelut\/index.php?rest_route=\/wp\/v2\/types\/page"}],"author":[{"embeddable":true,"href":"https:\/\/koirahoitola.kuunsirpin.com\/kennelpalvelut\/index.php?rest_route=\/wp\/v2\/users\/1"}],"replies":[{"embeddable":true,"href":"https:\/\/koirahoitola.kuunsirpin.com\/kennelpalvelut\/index.php?rest_route=%2Fwp%2Fv2%2Fcomments&post=39"}],"version-history":[{"count":15,"href":"https:\/\/koirahoitola.kuunsirpin.com\/kennelpalvelut\/index.php?rest_route=\/wp\/v2\/pages\/39\/revisions"}],"predecessor-version":[{"id":195,"href":"https:\/\/koirahoitola.kuunsirpin.com\/kennelpalvelut\/index.php?rest_route=\/wp\/v2\/pages\/39\/revisions\/195"}],"wp:attachment":[{"href":"https:\/\/koirahoitola.kuunsirpin.com\/kennelpalvelut\/index.php?rest_route=%2Fwp%2Fv2%2Fmedia&parent=39"}],"curies":[{"name":"wp","href":"https:\/\/api.w.org\/{rel}","templated":true}]}}